at is the highest common factor of m and i?
19
Let a = -247 - -365. Suppose -2*d = -5*d + 531. What is the greatest common divisor of a and d?
59
Suppose 5*a + h - 48 = 2*h, 0 = 2*a - 3*h - 27. Suppose 4 = a*k - 5*k. Let z be -8 + 11 + k*(-2 - -5). What is the greatest common divisor of 54 and z?
6
Let o be (8/10)/((-8)/(-7) - (-10034)/(-9135)). What is the highest common divisor of 333 and o?
9
Suppose -2*i - 5*m + 1422 = 0, 26*i - 31*i + 3625 = -5*m. What is the highest common factor of 35 and i?
7
Let s(u) = -26*u**2 - 6*u + 3. Let h be s(-2). Let f = h - -118. What is the highest common factor of f and 87?
29
Let k(x) = 117*x - 2938. Let d be k(28). Calculate the highest common divisor of 4563 and d.
169
Suppose -33*t + 5*j - 555 = -2398, -3*t + 163 = -5*j. Calculate the greatest common divisor of 560 and t.
56
Suppose -15*n + 135 = -90. Let s(w) = 9*w**2 - 5*w**2 - w**3 + 1 - 4*w**2 + 10*w**2 - 8*w. Let l be s(9). Calculate the highest common factor of n and l.
5
Suppose 0 = x - 3*h - 5325, 4*h - 2*h = -5*x + 26676. Let d be 2/(-4)*1*-2. Let j be d/(-5) - x/(-70). What is the greatest common divisor of 19 and j?
19
Let x = 4 - 3. Let h be (-64 - -67)*(-8)/(-6). Suppose -m - 40 = -h*i, -3*m = 3*i - 0 - 15. What is the highest common factor of x and i?
1
Let r(k) be the second derivative of 52*k**3/3 - 8*k**2 + k. Suppose -96 = -27*q + 19*q - 40*q. Let p be r(q). Calculate the highest common divisor of p and 24.
24
Let r = -1504 + 1803. What is the highest common divisor of 46 and r?
23
Suppose 23*g = 18*g + 5. Let n be (15/(-12))/(g/(-300) + 0). What is the greatest common divisor of 15 and n?
15
Let g(q) = -9*q + 42. Let n be g(6). Let w = 26 + n. What is the highest common divisor of 133 and w?
7
Let j = 29670 + -27936. What is the highest common divisor of 126 and j?
6
Let t = -88 + 88. Suppose t = -6*r + 34 - 4. Suppose s - q = q + 32, -r*s + 2*q + 176 = 0. Calculate the greatest common divisor of s and 9.
9
Let c = 244 - 194. Suppose 5*r = -d + 622, 5*d = -12 - 3. Calculate the highest common divisor of r and c.
25
Let c(i) = i**3 + 7*i**2 - 10*i - 2. Let d be c(-8). Let g(p) = -24 + d + p + 11. Let m be g(1). What is the greatest common divisor of 14 and m?
2
Suppose 2*j + 264 = 4*a + 246, 3*j + a = 15. Calculate the highest common divisor of j and 27.
3
Let f = -12764 - -12977. Calculate the highest common divisor of 3 and f.
3
Suppose -5*g - 3 = -d, 0 = 4*g - 11*d + 10*d + 3. Suppose g = 25*q - 4 - 96. What is the highest common factor of q and 13?
1
Let g be 12070/(-34)*(-16)/(-10). Let d = -478 - g. What is the greatest common factor of 120 and d?
30
Let v = 11 - -3. Let t(r) = -482*r + 13035. Let a be t(27). What is the greatest common divisor of a and v?
7
Suppose 29*v + 132 - 4482 = 0. Let p(n) = -8*n - 2. Let d be p(-4). Calculate the greatest common divisor of d and v.
30
Suppose -3*q + 2379 = 5*l - 8379, -10753 = -5*l + 2*q. Calculate the greatest common factor of l and 81.
9
Let y = 2487 + -2423. Calculate the greatest common factor of 8000 and y.
64
Let a(w) = -764*w**3 + 2*w**2 - 2. Let d be a(-1). Suppose -3*p + 4 = -8, p = 3*c - d. Calculate the highest common factor of c and 8.
8
Let d be 4 + (-610)/150 - (8/(-92) + (-380770)/22425). Suppose 0 = -0*s + 5*s - 5. Let l = 0 + s. Calculate the greatest common divisor of l and d.
1
Suppose 0*n = 3*n - 3*g - 498, -680 = -4*n - 4*g. Let j = n - 110. Suppose -116 = -4*u - 0*u. What is the highest common divisor of u and j?
29
Let l be (20/(-12) - -2)*105. Let p = -63 + 55. Let x = l - p. What is the greatest common factor of 86 and x?
43
Suppose 0 = 22*k + 75*k - 20079. Suppose -s + g = 4*s - 90, -4*g = 0. What is the highest common divisor of s and k?
9
Let o(z) = -6*z - 24. Let v be (-1)/((6/(-30))/(-1)). Let m be o(v). What is the highest common factor of m and 30?
6
Suppose -9*c - 966 - 384 = 0. Let j = c + 158. Calculate the highest common divisor of j and 56.
8
Let a(l) = -4*l**3 + 10*l**2 - 53*l - 13. Let q be a(-4). Calculate the highest common divisor of 24 and q.
3
Suppose -4*m + 2*r = -984, -10*m + 6*m + 5*r = -984. Let g = 288 - m. What is the highest common divisor of g and 462?
42
Let n be (4712/2945)/((-2)/(-1130 + 0)). Calculate the greatest common divisor of n and 128.
8
Suppose -152*x = -157*x - 975. Let w = -165 - x. Calculate the greatest common factor of 6 and w.
6
Suppose -48*c + 58*c = 40. Suppose 0 = 2*j - 2*z - 44, -2*j + 0*j = 3*z - 34. What is the greatest common divisor of j and c?
4
Suppose 2*g = -3*g + 10. Let v be (0 - (g + -3))/((-1)/(-7)). Suppose -21 = -0*d - 3*d. Calculate the highest common factor of v and d.
7
Let h be -2*(((-7425)/22)/5 - 5). What is the highest common factor of h and 15515?
145
Let p = -9953 - -10921. Calculate the greatest common divisor of p and 2552.
88
Let q(b) = 6*b**3 + 3*b**2 + 2*b + 17. Let x be q(6). Let v = -2032 + x. Let y = -407 - v. What is the greatest common divisor of y and 24?
24
Let c(f) = -177*f + 60. Let v be c(0). What is the greatest common factor of v and 7620?
60
Let v = -89 - -103. Suppose v*t = 19*t - 1010. Suppose -2*d + t = -22. Calculate the highest common divisor of 16 and d.
16
Suppose r = w + 1753, -5*w = -11 - 24. Let i = -89 - -144. Calculate the greatest common divisor of r and i.
55
Let x = 46 - 111. Let z = -50 - x. Suppose z = 3*u, -y - 3*u + u = -60. Calculate the highest common factor of y and 25.
25
Let y(t) = -28*t - 164. Let c be y(-6). Let d(x) = 67*x - 2. Let r be d(c). Calculate the greatest common factor of 190 and r.
38
Suppose -2*s + 45 = -219. Let n be 5742/s*2/3. What is the greatest common factor of 319 and n?
29
Let c be (9/(-3))/3 - -6. Suppose 385 = c*i - 5*m, 3*m + 25 = -5*i + 394. Calculate the greatest common factor of 15 and i.
15
Let g be (-1404)/(-130)*20/6. Suppose 14 = -2*a - 0*a - 2*p, -5*a - 7 = -2*p. Let m be ((-12)/(-20))/(a/(-60)). Calculate the highest common divisor of m and g.
12
Let l(y) = y**3 + 4*y**2 + 3*y + 6. Let w = 41 + -44. Let i be l(w). Suppose 2*q - 320 = -i*q. What is the highest common factor of 16 and q?
8
Let t = 35606 - 23798. What is the highest common divisor of t and 72?
72
Suppose -1568 = -12*s - 1316. Calculate the highest common factor of s and 33.
3
Let w = -351 - -380. Suppose -35*q + w*q = -1404. Suppose -3*m + 2*f + 127 = 0, -m + 5*f - 14 = -2*m. What is the greatest common divisor of q and m?
39
Let p(h) = 113*h**2 - 439*h + 18. Let k be p(6). Calculate the greatest common factor of 60 and k.
12
Let f be 1*-18*15/(-30). What is the highest common factor of f and 243?
9
Let y(m) = 956*m - 20. Let h be y(2). Calculate the greatest common factor of h and 172.
172
Suppose -2*f + 131 = 3*a + 108, -4*f + 4 = 0. What is the greatest common divisor of 29477 and a?
7
Let v = -127 + 141. Let c(p) = -p**3 + 13*p**2 + 21*p - 46. Let d be c(v). What is the greatest common divisor of d and 130?
26
Let u(j) = 168*j**3 - 2*j**2 + 3*j - 1. Let a = -853 - -854. Let g be u(a). What is the greatest common divisor of g and 192?
24
Let j be 336 + ((-12)/1 - -12). What is the greatest common factor of 96 and j?
48
Let f = -18 - -19. Let p be ((-6)/(0 - -3))/(f/8). Let b be (-1 - 24)*p/10. What is the highest common divisor of 100 and b?
20
Suppose 270*x + 234*x = 20664. What is the highest common factor of x and 45223?
41
Suppose 105*y - 1920 = 85*y. What is the highest common factor of y and 1024?
32
Let l(d) = -d**2 - 18*d - 32. Let s(v) = v**2 + 2*v - 16. Let a be s(8). Let b = -79 + a. Let g be l(b). What is the highest common factor of 13 and g?
13
Let v be 18 - 20 - -5*1. Let p be (-1)/v*(-36)/24*142. Calculate the highest common divisor of 568 and p.
71
Suppose 0 = 3*b - 2*y - 1052, -2*b - y = 2*y - 684. Let p = b - 280. Calculate the greatest common factor of p and 340.
68
Let i(f) = 3*f**3 - 280*f**2 + 115*f - 382. Let t be i(93). What is the greatest common divisor of 176 and t?
16
Let f be (-42)/(-9)*(-87)/(-58). What is the greatest common factor of f and 763?
7
Let o(a) = -12*a + 585. Let m be o(14). What is the highest common divisor of m and 21?
3
Let o be ((-64)/(-20))/(2/10). Let x = o + 15. Let z = 5181 + -5057. What is the greatest common factor of x and z?
31
Suppose -4*c + 0*c + 32 = 0. Suppose -c*y = -6*y - 8. Suppose a